{"id":58,"date":"2024-03-02T15:58:09","date_gmt":"2024-03-02T15:58:09","guid":{"rendered":"https:\/\/chapaypinturaomar.com\/web\/?page_id=58"},"modified":"2024-04-06T19:59:45","modified_gmt":"2024-04-06T19:59:45","slug":"taller-omar","status":"publish","type":"page","link":"https:\/\/chapaypinturaomar.com\/web\/","title":{"rendered":"Inicio"},"content":{"rendered":"<p><\/p>\r\n<p class=\"is-layout-flow wp-block-quote-is-layout-flow\">&nbsp;<\/p>\r\n<p>&nbsp;<\/p>\r\n<p><img fetchpriority=\"high\" decoding=\"async\" class=\"alignnone  wp-image-164\" src=\"https:\/\/chapaypinturaomar.com\/web\/wp-content\/uploads\/2024\/04\/omarlogo-300x154.png\" alt=\"\" width=\"592\" height=\"304\" srcset=\"https:\/\/chapaypinturaomar.com\/web\/wp-content\/uploads\/2024\/04\/omarlogo-300x154.png 300w, https:\/\/chapaypinturaomar.com\/web\/wp-content\/uploads\/2024\/04\/omarlogo.png 315w\" sizes=\"(max-width: 592px) 100vw, 592px\" \/><\/p>\r\n<p style=\"text-align: center;\"><span style=\"font-family: helvetica, arial, sans-serif; font-size: 36pt; color: #000000;\"><strong><cite>SERVICIOS E INFORMACI\u00d3N<\/cite><\/strong><\/span><\/p>\r\n<p style=\"text-align: center;\"><span style=\"color: #000000; font-size: 36pt;\"><cite><strong><span style=\"font-family: helvetica, arial, sans-serif;\">AUTOS IMPORTADOS Y NACIONALES<\/span><\/strong><br \/><strong><span style=\"font-family: helvetica, arial, sans-serif;\">HORNO PRESURIZADO DE PINTURA<\/span><\/strong><br \/><strong><span style=\"font-family: helvetica, arial, sans-serif;\">LABORATORIO COLOR COMPUTARIZADO<\/span><\/strong><br \/><strong><span style=\"font-family: helvetica, arial, sans-serif;\">ALTA TECNOLOG\u00cdA<\/span><\/strong><br \/><strong><span style=\"font-family: helvetica, arial, sans-serif;\">EXCELENTE PERFORMANCE<\/span><\/strong><br \/><strong><span style=\"font-family: helvetica, arial, sans-serif;\">ATENDEMOS AUTOS 2012 EN ADELANTE<\/span><\/strong><br \/><strong><span style=\"font-family: helvetica, arial, sans-serif;\">COMPA\u00d1IAS DE SEGUROS &#8211; EMPRESAS &#8211; PARTICULARES<\/span><\/strong><br \/><strong><span style=\"font-family: helvetica, arial, sans-serif;\">PA\u00d1O DE PINTURA:<\/span><\/strong><br \/><strong>PRECIO A CONVENIR<\/strong><br \/><strong>DIRECCI\u00d3N: SERRANO 745, PALERMO (CABA)<\/strong><br \/><strong>MAIL: omarcortez1010@gmail.com<\/strong><br \/><strong>WHATSAPP: <\/strong><\/cite><\/span><\/p>\r\n<p style=\"text-align: center;\"><span style=\"color: #000000; font-size: 36pt;\"><cite><strong><span style=\"font-family: helvetica, arial, sans-serif;\">15\u20135748\u20139676<\/span><\/strong><br \/><span style=\"color: #000000;\"><strong>HORARIO DE ATENCI\u00d3N: <\/strong><\/span><\/cite><\/span><\/p>\r\n<p style=\"text-align: center;\"><span style=\"color: #000000; font-size: 36pt;\"><cite><span style=\"color: #000000;\"><strong>LUNES A VIERNES 8.00 hs. A 12.30hs. Y de\u00a0 14.00 hs. a 18:30 hs<\/strong><\/span><\/cite><\/span><\/p>\r\n<p>&nbsp;<\/p>\r\n<div class=\"wp-block-columns alignfull\">\r\n<div class=\"wp-block-column\" style=\"flex-basis: 100%;\">\r\n<div id=\"main-content\">\r\n<div id=\"home\">\r\n<div class=\"main-slider\">\r\n<div class=\"flexslider\">\r\n<table class=\" aligncenter\" style=\"width: 100%; border-collapse: collapse; background-color: #ffffff; border-color: #ff0000; border-style: solid;\">\r\n<tbody>\r\n<tr>\r\n<td style=\"width: 16.6667%;\"><img decoding=\"async\" class=\"aligncenter\" style=\"border: var(--yuki-content-images-border,none); --tw-border-spacing-x: 0; --tw-border-spacing-y: 0; --tw-translate-x: 0; --tw-translate-y: 0; --tw-rotate: 0; --tw-skew-x: 0; --tw-skew-y: 0; --tw-scale-x: 1; --tw-scale-y: 1; --tw-scroll-snap-strictness: proximity; --tw-ring-offset-width: 0px; --tw-ring-offset-color: #fff; --tw-ring-color: rgba(59,130,246,.5); --tw-ring-offset-shadow: 0 0 #0000; --tw-ring-shadow: 0 0 #0000; --tw-shadow: 0 0 #0000; --tw-shadow-colored: 0 0 #0000; border-radius: var(--yuki-content-images-radius,0); box-shadow: var(--yuki-content-images-shadow,none);\" src=\"https:\/\/chapaypinturaomar.com\/images\/logomercedes.png\" alt=\"mercedes\" width=\"361\" height=\"207\" \/><br \/><br \/><\/td>\r\n<td style=\"width: 16.6667%;\"><img decoding=\"async\" class=\"aligncenter\" style=\"border: var(--yuki-content-images-border,none); --tw-border-spacing-x: 0; --tw-border-spacing-y: 0; --tw-translate-x: 0; --tw-translate-y: 0; --tw-rotate: 0; --tw-skew-x: 0; --tw-skew-y: 0; --tw-scale-x: 1; --tw-scale-y: 1; --tw-scroll-snap-strictness: proximity; --tw-ring-offset-width: 0px; --tw-ring-offset-color: #fff; --tw-ring-color: rgba(59,130,246,.5); --tw-ring-offset-shadow: 0 0 #0000; --tw-ring-shadow: 0 0 #0000; --tw-shadow: 0 0 #0000; --tw-shadow-colored: 0 0 #0000; border-radius: var(--yuki-content-images-radius,0); box-shadow: var(--yuki-content-images-shadow,none);\" src=\"https:\/\/chapaypinturaomar.com\/images\/logobmw.png\" alt=\"bmw\" width=\"353\" height=\"187\" \/><br \/><br \/><\/td>\r\n<td style=\"width: 16.6667%;\"><img loading=\"lazy\" decoding=\"async\" class=\"aligncenter\" style=\"border: var(--yuki-content-images-border,none); --tw-border-spacing-x: 0; --tw-border-spacing-y: 0; --tw-translate-x: 0; --tw-translate-y: 0; --tw-rotate: 0; --tw-skew-x: 0; --tw-skew-y: 0; --tw-scale-x: 1; --tw-scale-y: 1; --tw-scroll-snap-strictness: proximity; --tw-ring-offset-width: 0px; --tw-ring-offset-color: #fff; --tw-ring-color: rgba(59,130,246,.5); --tw-ring-offset-shadow: 0 0 #0000; --tw-ring-shadow: 0 0 #0000; --tw-shadow: 0 0 #0000; --tw-shadow-colored: 0 0 #0000; border-radius: var(--yuki-content-images-radius,0); box-shadow: var(--yuki-content-images-shadow,none);\" src=\"https:\/\/chapaypinturaomar.com\/images\/logoaudio.png\" alt=\"audi\" width=\"306\" height=\"175\" \/><br \/><br \/><\/td>\r\n<td style=\"width: 16.6667%;\"><img loading=\"lazy\" decoding=\"async\" class=\"aligncenter\" style=\"border: var(--yuki-content-images-border,none); --tw-border-spacing-x: 0; --tw-border-spacing-y: 0; --tw-translate-x: 0; --tw-translate-y: 0; --tw-rotate: 0; --tw-skew-x: 0; --tw-skew-y: 0; --tw-scale-x: 1; --tw-scale-y: 1; --tw-scroll-snap-strictness: proximity; --tw-ring-offset-width: 0px; --tw-ring-offset-color: #fff; --tw-ring-color: rgba(59,130,246,.5); --tw-ring-offset-shadow: 0 0 #0000; --tw-ring-shadow: 0 0 #0000; --tw-shadow: 0 0 #0000; --tw-shadow-colored: 0 0 #0000; border-radius: var(--yuki-content-images-radius,0); box-shadow: var(--yuki-content-images-shadow,none);\" src=\"https:\/\/chapaypinturaomar.com\/images\/logosubaru.png\" alt=\"subaru\" width=\"310\" height=\"163\" \/><br \/><br \/><\/td>\r\n<td style=\"width: 16.6667%;\"><img loading=\"lazy\" decoding=\"async\" class=\"aligncenter\" style=\"border: var(--yuki-content-images-border,none); --tw-border-spacing-x: 0; --tw-border-spacing-y: 0; --tw-translate-x: 0; --tw-translate-y: 0; --tw-rotate: 0; --tw-skew-x: 0; --tw-skew-y: 0; --tw-scale-x: 1; --tw-scale-y: 1; --tw-scroll-snap-strictness: proximity; --tw-ring-offset-width: 0px; --tw-ring-offset-color: #fff; --tw-ring-color: rgba(59,130,246,.5); --tw-ring-offset-shadow: 0 0 #0000; --tw-ring-shadow: 0 0 #0000; --tw-shadow: 0 0 #0000; --tw-shadow-colored: 0 0 #0000; border-radius: var(--yuki-content-images-radius,0); box-shadow: var(--yuki-content-images-shadow,none); text-align: -webkit-center;\" src=\"https:\/\/chapaypinturaomar.com\/images\/logotoyota.png\" alt=\"toyota\" width=\"261\" height=\"157\" \/><\/td>\r\n<td style=\"width: 16.6667%;\"><img loading=\"lazy\" decoding=\"async\" class=\"alignnone\" style=\"border: var(--yuki-content-images-border,none); --tw-border-spacing-x: 0; --tw-border-spacing-y: 0; --tw-translate-x: 0; --tw-translate-y: 0; --tw-rotate: 0; --tw-skew-x: 0; --tw-skew-y: 0; --tw-scale-x: 1; --tw-scale-y: 1; --tw-scroll-snap-strictness: proximity; --tw-ring-offset-width: 0px; --tw-ring-offset-color: #fff; --tw-ring-color: rgba(59,130,246,.5); --tw-ring-offset-shadow: 0 0 #0000; --tw-ring-shadow: 0 0 #0000; --tw-shadow: 0 0 #0000; --tw-shadow-colored: 0 0 #0000; border-radius: var(--yuki-content-images-radius,0); box-shadow: var(--yuki-content-images-shadow,none);\" src=\"https:\/\/chapaypinturaomar.com\/images\/logohonda.png\" alt=\"ho\" width=\"268\" height=\"160\" \/><\/td>\r\n<\/tr>\r\n<\/tbody>\r\n<\/table>\r\n<p>&nbsp;<\/p>\r\n<\/div>\r\n<\/div>\r\n<\/div>\r\n<div class=\"container-fluid\">\r\n<div id=\"servicios\" class=\"section-content\"><center>\r\n<div class=\"row\">\r\n<div class=\"serviciologo\">\u00a0<\/div>\r\n<center><\/center><\/div>\r\n<span style=\"color: #ffffff;\">\u00a0<span style=\"font-size: 36pt; font-weight: bold;\">TALLER<\/span><\/span>\r\n<div class=\"horario\">\r\n<p><img loading=\"lazy\" decoding=\"async\" class=\"aligncenter\" src=\"https:\/\/chapaypinturaomar.com\/images\/taller\/taller1.jpg\" alt=\"taller1\" width=\"683\" height=\"695\" \/><\/p>\r\n<\/div>\r\n<\/center><\/div>\r\n<\/div>\r\n<div id=\"taller\" class=\"section-content\">\r\n<div class=\"row\">\r\n<div id=\"recipiente\" class=\"col-md-4\">\r\n<div class=\"portfolio-item\">\r\n<div><img loading=\"lazy\" decoding=\"async\" class=\"aligncenter\" src=\"https:\/\/chapaypinturaomar.com\/images\/taller\/taller2.jpg\" alt=\"taller2\" width=\"702\" height=\"713\" \/><\/div>\r\n<\/div>\r\n<\/div>\r\n<div id=\"recipiente\" class=\"col-md-4\">\r\n<div class=\"portfolio-item\">\r\n<div class=\"portfolio-thumb\"><img loading=\"lazy\" decoding=\"async\" class=\"aligncenter\" src=\"https:\/\/chapaypinturaomar.com\/images\/taller\/taller3.jpg\" alt=\"taller3\" width=\"695\" height=\"803\" \/><\/div>\r\n<\/div>\r\n<\/div>\r\n<\/div>\r\n<div class=\"row\">\r\n<div id=\"recipiente\" class=\"col-md-4\">\r\n<div class=\"portfolio-item\">\r\n<div class=\"portfolio-thumb\"><img loading=\"lazy\" decoding=\"async\" class=\"aligncenter\" src=\"https:\/\/chapaypinturaomar.com\/images\/taller\/taller4.jpg\" alt=\"taller4*\" width=\"720\" height=\"725\" \/><\/div>\r\n<\/div>\r\n<\/div>\r\n<div id=\"recipiente\" class=\"col-md-4\">\r\n<div class=\"portfolio-item\">\r\n<div class=\"portfolio-thumb\"><img loading=\"lazy\" decoding=\"async\" class=\"aligncenter\" src=\"https:\/\/chapaypinturaomar.com\/images\/taller\/taller5.jpg\" alt=\"taller5*\" width=\"708\" height=\"750\" \/>\r\n<div class=\"overlay-p\">\u00a0<\/div>\r\n<\/div>\r\n<\/div>\r\n<\/div>\r\n<\/div>\r\n<\/div>\r\n<div id=\"hidden3\" class=\"hiddenfiv\">\u00a0<\/div>\r\n<div id=\"trabajos\" class=\"section-content\">\r\n<div class=\"row\">\r\n<div class=\"col-md-12\">\r\n<div class=\"section-title\">\r\n<h2 style=\"text-align: center;\"><span style=\"font-size: 36pt;\">TRABAJOS REALIZADOS<\/span><\/h2>\r\n<\/div>\r\n<\/div>\r\n<\/div>\r\n<div class=\"row\">\r\n<div class=\"col-md-4\">\r\n<div class=\"portfolio-item\">\r\n<div class=\"portfolio-thumb\"><img loading=\"lazy\" decoding=\"async\" class=\"aligncenter\" src=\"https:\/\/chapaypinturaomar.com\/images\/trabajo\/trabajo1.jpg\" alt=\"Fantasy\" width=\"685\" height=\"683\" \/><\/div>\r\n<\/div>\r\n<\/div>\r\n<div class=\"col-md-4\">\r\n<div class=\"portfolio-item\">\r\n<div class=\"portfolio-thumb\"><img loading=\"lazy\" decoding=\"async\" class=\"aligncenter\" src=\"https:\/\/chapaypinturaomar.com\/images\/trabajo\/trabajo2.jpg\" alt=\"Botany\" width=\"674\" height=\"727\" \/><\/div>\r\n<\/div>\r\n<\/div>\r\n<div class=\"col-md-4\">\r\n<div class=\"portfolio-item\">\r\n<div class=\"portfolio-thumb\"><img loading=\"lazy\" decoding=\"async\" class=\"aligncenter\" src=\"https:\/\/chapaypinturaomar.com\/images\/trabajo\/trabajo3.jpg\" alt=\"Universe\" width=\"678\" height=\"753\" \/><\/div>\r\n<\/div>\r\n<\/div>\r\n<\/div>\r\n<div class=\"row\">\r\n<div class=\"col-md-4\">\r\n<div class=\"portfolio-item\">\r\n<div class=\"portfolio-thumb\"><img loading=\"lazy\" decoding=\"async\" class=\"aligncenter\" src=\"https:\/\/chapaypinturaomar.com\/images\/trabajo\/trabajo4.jpg\" alt=\"Channel\" width=\"694\" height=\"689\" \/><\/div>\r\n<\/div>\r\n<\/div>\r\n<div class=\"col-md-4\">\r\n<div class=\"portfolio-item\">\r\n<div class=\"portfolio-thumb\"><img loading=\"lazy\" decoding=\"async\" class=\"aligncenter\" src=\"https:\/\/chapaypinturaomar.com\/images\/trabajo\/trabajo5.jpg\" alt=\"Dragonfly\" width=\"702\" height=\"699\" \/><\/div>\r\n<\/div>\r\n<\/div>\r\n<div class=\"col-md-4\">\r\n<div class=\"portfolio-item\">\r\n<div class=\"portfolio-thumb\"><img loading=\"lazy\" decoding=\"async\" class=\"aligncenter\" src=\"https:\/\/chapaypinturaomar.com\/images\/trabajo\/trabajo6.jpg\" alt=\"Titanium\" width=\"688\" height=\"721\" \/><\/div>\r\n<\/div>\r\n<\/div>\r\n<div class=\"col-md-4\">\r\n<div class=\"portfolio-item\">\r\n<div class=\"portfolio-thumb\"><img loading=\"lazy\" decoding=\"async\" class=\"aligncenter\" src=\"https:\/\/chapaypinturaomar.com\/images\/trabajo\/trabajo7.jpg\" width=\"680\" height=\"686\" \/><\/div>\r\n<\/div>\r\n<\/div>\r\n<div class=\"col-md-4\">\r\n<div class=\"portfolio-item\">\r\n<div class=\"portfolio-thumb\"><img loading=\"lazy\" decoding=\"async\" class=\"aligncenter\" src=\"https:\/\/chapaypinturaomar.com\/images\/trabajo\/trabajo8.jpg\" width=\"660\" height=\"676\" \/><\/div>\r\n<\/div>\r\n<\/div>\r\n<div class=\"col-md-4\">\r\n<div class=\"portfolio-item\">\r\n<div class=\"portfolio-thumb\"><img loading=\"lazy\" decoding=\"async\" class=\"aligncenter\" src=\"https:\/\/chapaypinturaomar.com\/images\/trabajo\/trabajo9.jpg\" width=\"677\" height=\"677\" \/><\/div>\r\n<\/div>\r\n<\/div>\r\n<div class=\"col-md-4\">\r\n<div class=\"portfolio-item\">\r\n<div class=\"portfolio-thumb\"><img loading=\"lazy\" decoding=\"async\" class=\"aligncenter\" src=\"https:\/\/chapaypinturaomar.com\/images\/trabajo\/trabajo10.jpg\" width=\"683\" height=\"699\" \/><\/div>\r\n<\/div>\r\n<\/div>\r\n<div class=\"col-md-4\">\r\n<div class=\"portfolio-item\">\r\n<div class=\"portfolio-thumb\"><img loading=\"lazy\" decoding=\"async\" class=\"aligncenter\" src=\"https:\/\/chapaypinturaomar.com\/images\/trabajo\/trabajo11.jpg\" width=\"693\" height=\"693\" \/><\/div>\r\n<\/div>\r\n<\/div>\r\n<div class=\"col-md-4\">\r\n<div class=\"portfolio-item\">\r\n<div class=\"portfolio-thumb\"><img loading=\"lazy\" decoding=\"async\" class=\"aligncenter\" src=\"https:\/\/chapaypinturaomar.com\/images\/trabajo\/trabajo12.jpg\" width=\"711\" height=\"711\" \/><\/div>\r\n<\/div>\r\n<\/div>\r\n<div class=\"col-md-4\">\r\n<div class=\"portfolio-item\">\r\n<div class=\"portfolio-thumb\"><img loading=\"lazy\" decoding=\"async\" class=\"aligncenter\" src=\"https:\/\/chapaypinturaomar.com\/images\/trabajo\/trabajo14.jpg\" width=\"692\" height=\"707\" \/><\/div>\r\n<\/div>\r\n<\/div>\r\n<div class=\"col-md-4\">\r\n<div class=\"portfolio-item\">\r\n<div class=\"portfolio-thumb\"><img loading=\"lazy\" decoding=\"async\" class=\"aligncenter\" src=\"https:\/\/chapaypinturaomar.com\/images\/trabajo\/trabajo15.jpg\" width=\"682\" height=\"695\" \/><\/div>\r\n<\/div>\r\n<\/div>\r\n<div class=\"col-md-4\">\r\n<div class=\"portfolio-item\">\r\n<div class=\"portfolio-thumb\"><img loading=\"lazy\" decoding=\"async\" class=\"aligncenter\" src=\"https:\/\/chapaypinturaomar.com\/images\/trabajo\/trabajo16.jpg\" width=\"690\" height=\"690\" \/><\/div>\r\n<\/div>\r\n<\/div>\r\n<div class=\"col-md-4\">\r\n<div class=\"portfolio-item\">\r\n<div class=\"portfolio-thumb\"><img loading=\"lazy\" decoding=\"async\" class=\"aligncenter\" src=\"https:\/\/chapaypinturaomar.com\/images\/trabajo\/trabajo17.jpg\" width=\"703\" height=\"703\" \/><\/div>\r\n<\/div>\r\n<\/div>\r\n<div class=\"col-md-4\">\r\n<div class=\"portfolio-item\">\r\n<div class=\"portfolio-thumb\"><img loading=\"lazy\" decoding=\"async\" class=\"aligncenter\" src=\"https:\/\/chapaypinturaomar.com\/images\/trabajo\/trabajo19.jpg\" width=\"693\" height=\"693\" \/><\/div>\r\n<\/div>\r\n<\/div>\r\n<div class=\"col-md-4\">\r\n<div class=\"portfolio-item\">\r\n<div class=\"portfolio-thumb\"><img loading=\"lazy\" decoding=\"async\" class=\"aligncenter\" src=\"https:\/\/chapaypinturaomar.com\/images\/trabajo\/trabajo20.jpg\" width=\"682\" height=\"682\" \/><\/div>\r\n<\/div>\r\n<\/div>\r\n<div class=\"col-md-4\">\r\n<div class=\"portfolio-item\">\r\n<div class=\"portfolio-thumb\"><img loading=\"lazy\" decoding=\"async\" class=\"aligncenter\" src=\"https:\/\/chapaypinturaomar.com\/images\/trabajo\/trabajo21.jpg\" width=\"694\" height=\"694\" \/><\/div>\r\n<\/div>\r\n<\/div>\r\n<div class=\"col-md-4\">\r\n<div class=\"portfolio-item\">\r\n<div class=\"portfolio-thumb\"><img loading=\"lazy\" decoding=\"async\" class=\"aligncenter\" src=\"https:\/\/chapaypinturaomar.com\/images\/trabajo\/trabajo22.jpg\" width=\"670\" height=\"670\" \/><\/div>\r\n<\/div>\r\n<\/div>\r\n<div class=\"col-md-4\">\r\n<div class=\"portfolio-item\">\r\n<div class=\"portfolio-thumb\"><img loading=\"lazy\" decoding=\"async\" class=\"aligncenter\" src=\"https:\/\/chapaypinturaomar.com\/images\/trabajo\/trabajo23.jpg\" width=\"688\" height=\"688\" \/><\/div>\r\n<\/div>\r\n<\/div>\r\n<div class=\"col-md-4\">\r\n<div class=\"portfolio-item\">\r\n<div class=\"portfolio-thumb\"><img loading=\"lazy\" decoding=\"async\" class=\"aligncenter\" src=\"https:\/\/chapaypinturaomar.com\/images\/trabajo\/trabajo24.jpg\" width=\"689\" height=\"689\" \/><\/div>\r\n<\/div>\r\n<\/div>\r\n<div class=\"col-md-4\">\r\n<div class=\"portfolio-item\">\r\n<div class=\"portfolio-thumb\"><img loading=\"lazy\" decoding=\"async\" class=\"aligncenter\" src=\"https:\/\/chapaypinturaomar.com\/images\/trabajo\/trabajo25.jpg\" width=\"683\" height=\"683\" \/><\/div>\r\n<\/div>\r\n<\/div>\r\n<div class=\"col-md-4\">\r\n<div class=\"portfolio-item\">\r\n<div class=\"portfolio-thumb\"><img loading=\"lazy\" decoding=\"async\" class=\"aligncenter\" src=\"https:\/\/chapaypinturaomar.com\/images\/trabajo\/trabajo26.jpg\" width=\"692\" height=\"692\" \/><\/div>\r\n<\/div>\r\n<\/div>\r\n<div class=\"col-md-4\">\r\n<div class=\"portfolio-item\">\r\n<div class=\"portfolio-thumb\"><img loading=\"lazy\" decoding=\"async\" class=\"aligncenter\" src=\"https:\/\/chapaypinturaomar.com\/images\/trabajo\/trabajo27.jpg\" width=\"701\" height=\"701\" \/><\/div>\r\n<\/div>\r\n<\/div>\r\n<div class=\"col-md-4\">\r\n<div class=\"portfolio-item\">\r\n<div class=\"portfolio-thumb\"><img loading=\"lazy\" decoding=\"async\" class=\"aligncenter\" src=\"https:\/\/chapaypinturaomar.com\/images\/trabajo\/trabajo28.jpg\" width=\"714\" height=\"714\" \/><\/div>\r\n<\/div>\r\n<\/div>\r\n<div class=\"col-md-4\">\r\n<div class=\"portfolio-item\">\r\n<div class=\"portfolio-thumb\"><img loading=\"lazy\" decoding=\"async\" class=\"aligncenter\" src=\"https:\/\/chapaypinturaomar.com\/images\/trabajo\/trabajo29.jpg\" width=\"742\" height=\"742\" \/><\/div>\r\n<\/div>\r\n<\/div>\r\n<div class=\"col-md-4\">\r\n<div class=\"portfolio-item\">\r\n<div class=\"portfolio-thumb\"><img loading=\"lazy\" decoding=\"async\" class=\"aligncenter\" src=\"https:\/\/chapaypinturaomar.com\/images\/trabajo\/trabajo30.jpg\" width=\"750\" height=\"750\" \/><\/div>\r\n<\/div>\r\n<\/div>\r\n<div class=\"col-md-4\">\r\n<div class=\"portfolio-item\">\r\n<div class=\"portfolio-thumb\"><img loading=\"lazy\" decoding=\"async\" class=\"aligncenter\" src=\"https:\/\/chapaypinturaomar.com\/images\/trabajo\/trabajo31.jpg\" width=\"788\" height=\"788\" \/><\/div>\r\n<\/div>\r\n<\/div>\r\n<div class=\"col-md-4\">\r\n<div class=\"portfolio-item\">\r\n<div class=\"portfolio-thumb\"><img loading=\"lazy\" decoding=\"async\" class=\"alignnone  wp-image-191\" src=\"https:\/\/chapaypinturaomar.com\/web\/wp-content\/uploads\/2024\/04\/IMG-20240406-WA0012-e1712432132410-300x270.jpg\" alt=\"\" width=\"762\" height=\"686\" srcset=\"https:\/\/chapaypinturaomar.com\/web\/wp-content\/uploads\/2024\/04\/IMG-20240406-WA0012-e1712432132410-300x270.jpg 300w, https:\/\/chapaypinturaomar.com\/web\/wp-content\/uploads\/2024\/04\/IMG-20240406-WA0012-e1712432132410-1024x922.jpg 1024w, https:\/\/chapaypinturaomar.com\/web\/wp-content\/uploads\/2024\/04\/IMG-20240406-WA0012-e1712432132410-768x691.jpg 768w, https:\/\/chapaypinturaomar.com\/web\/wp-content\/uploads\/2024\/04\/IMG-20240406-WA0012-e1712432132410.jpg 1200w\" sizes=\"(max-width: 762px) 100vw, 762px\" \/><img loading=\"lazy\" decoding=\"async\" class=\"alignnone  wp-image-192\" src=\"https:\/\/chapaypinturaomar.com\/web\/wp-content\/uploads\/2024\/04\/IMG-20240406-WA0013-300x225.jpg\" alt=\"\" width=\"772\" height=\"579\" srcset=\"https:\/\/chapaypinturaomar.com\/web\/wp-content\/uploads\/2024\/04\/IMG-20240406-WA0013-300x225.jpg 300w, https:\/\/chapaypinturaomar.com\/web\/wp-content\/uploads\/2024\/04\/IMG-20240406-WA0013-1024x768.jpg 1024w, https:\/\/chapaypinturaomar.com\/web\/wp-content\/uploads\/2024\/04\/IMG-20240406-WA0013-768x576.jpg 768w, https:\/\/chapaypinturaomar.com\/web\/wp-content\/uploads\/2024\/04\/IMG-20240406-WA0013-1536x1152.jpg 1536w, https:\/\/chapaypinturaomar.com\/web\/wp-content\/uploads\/2024\/04\/IMG-20240406-WA0013.jpg 1600w\" sizes=\"(max-width: 772px) 100vw, 772px\" \/> <img loading=\"lazy\" decoding=\"async\" class=\"alignnone wp-image-193 \" src=\"https:\/\/chapaypinturaomar.com\/web\/wp-content\/uploads\/2024\/04\/IMG-20240406-WA0014-e1712432224152-300x275.jpg\" alt=\"\" width=\"757\" height=\"694\" srcset=\"https:\/\/chapaypinturaomar.com\/web\/wp-content\/uploads\/2024\/04\/IMG-20240406-WA0014-e1712432224152-300x275.jpg 300w, https:\/\/chapaypinturaomar.com\/web\/wp-content\/uploads\/2024\/04\/IMG-20240406-WA0014-e1712432224152-1024x937.jpg 1024w, https:\/\/chapaypinturaomar.com\/web\/wp-content\/uploads\/2024\/04\/IMG-20240406-WA0014-e1712432224152-768x703.jpg 768w, https:\/\/chapaypinturaomar.com\/web\/wp-content\/uploads\/2024\/04\/IMG-20240406-WA0014-e1712432224152.jpg 1200w\" sizes=\"(max-width: 757px) 100vw, 757px\" \/> <img loading=\"lazy\" decoding=\"async\" class=\"alignnone wp-image-194 \" src=\"https:\/\/chapaypinturaomar.com\/web\/wp-content\/uploads\/2024\/04\/IMG-20240406-WA0015-e1712432092544-300x219.jpg\" alt=\"\" width=\"765\" height=\"558\" srcset=\"https:\/\/chapaypinturaomar.com\/web\/wp-content\/uploads\/2024\/04\/IMG-20240406-WA0015-e1712432092544-300x219.jpg 300w, https:\/\/chapaypinturaomar.com\/web\/wp-content\/uploads\/2024\/04\/IMG-20240406-WA0015-e1712432092544.jpg 717w\" sizes=\"(max-width: 765px) 100vw, 765px\" \/><img loading=\"lazy\" decoding=\"async\" class=\"aligncenter\" src=\"https:\/\/chapaypinturaomar.com\/images\/trabajo\/trabajo32.jpg\" width=\"768\" height=\"768\" \/><\/div>\r\n<\/div>\r\n<\/div>\r\n<div class=\"col-md-4\">\r\n<div class=\"portfolio-item\">\r\n<div class=\"portfolio-thumb\"><img loading=\"lazy\" decoding=\"async\" class=\"aligncenter\" src=\"https:\/\/chapaypinturaomar.com\/images\/trabajo\/trabajo33.jpg\" width=\"778\" height=\"778\" \/><\/div>\r\n<div class=\"overlay-p\">\u00a0<\/div>\r\n<\/div>\r\n<\/div>\r\n<\/div>\r\n<\/div>\r\n<\/div>\r\n<div class=\"bottom-footer\">\r\n<div class=\"container-fluid\">\r\n<div class=\"row\">\u00a0<\/div>\r\n<\/div>\r\n<\/div>\r\n<\/div>\r\n<\/div>\r\n<!-- \/wp:post-content -->","protected":false},"excerpt":{"rendered":"<p>&nbsp; &nbsp; SERVICIOS E INFORMACI\u00d3N AUTOS IMPORTADOS Y NACIONALESHORNO PRESURIZADO DE PINTURALABORATORIO COLOR COMPUTARIZADOALTA TECNOLOG\u00cdAEXCELENTE PERFORMANCEATENDEMOS AUTOS 2012 EN ADELANTECOMPA\u00d1IAS DE SEGUROS &#8211; EMPRESAS &#8211; PARTICULARESPA\u00d1O DE PINTURA:PRECIO A CONVENIRDIRECCI\u00d3N: SERRANO 745, PALERMO (CABA)MAIL: omarcortez1010@gmail.comWHATSAPP: 15\u20135748\u20139676HORARIO DE ATENCI\u00d3N: LUNES A VIERNES 8.00 hs. A 12.30hs. Y de\u00a0 14.00 hs. a 18:30 hs &nbsp; &nbsp; \u00a0 \u00a0TALLER \u00a0 \u00a0 TRABAJOS REALIZADOS \u00a0 \u00a0<\/p>\n","protected":false},"author":1,"featured_media":0,"parent":0,"menu_order":0,"comment_status":"closed","ping_status":"closed","template":"","meta":{"om_disable_all_campaigns":false,"_monsterinsights_skip_tracking":false,"_monsterinsights_sitenote_active":false,"_monsterinsights_sitenote_note":"","_monsterinsights_sitenote_category":0,"_uf_show_specific_survey":0,"_uf_disable_surveys":false,"site-container-style":"default","site-container-layout":"default","site-sidebar-layout":"default","disable-article-header":"default","disable-site-header":"default","disable-site-footer":"default","disable-content-area-spacing":"default","footnotes":""},"class_list":["post-58","page","type-page","status-publish","hentry"],"aioseo_notices":[],"_links":{"self":[{"href":"https:\/\/chapaypinturaomar.com\/web\/wp-json\/wp\/v2\/pages\/58","targetHints":{"allow":["GET"]}}],"collection":[{"href":"https:\/\/chapaypinturaomar.com\/web\/wp-json\/wp\/v2\/pages"}],"about":[{"href":"https:\/\/chapaypinturaomar.com\/web\/wp-json\/wp\/v2\/types\/page"}],"author":[{"embeddable":true,"href":"https:\/\/chapaypinturaomar.com\/web\/wp-json\/wp\/v2\/users\/1"}],"replies":[{"embeddable":true,"href":"https:\/\/chapaypinturaomar.com\/web\/wp-json\/wp\/v2\/comments?post=58"}],"version-history":[{"count":29,"href":"https:\/\/chapaypinturaomar.com\/web\/wp-json\/wp\/v2\/pages\/58\/revisions"}],"predecessor-version":[{"id":206,"href":"https:\/\/chapaypinturaomar.com\/web\/wp-json\/wp\/v2\/pages\/58\/revisions\/206"}],"wp:attachment":[{"href":"https:\/\/chapaypinturaomar.com\/web\/wp-json\/wp\/v2\/media?parent=58"}],"curies":[{"name":"wp","href":"https:\/\/api.w.org\/{rel}","templated":true}]}}